{"id":67,"date":"2022-04-08T11:00:38","date_gmt":"2022-04-08T11:00:38","guid":{"rendered":"https:\/\/assideo.de\/?page_id=67"},"modified":"2022-05-02T14:21:37","modified_gmt":"2022-05-02T14:21:37","slug":"kapseln","status":"publish","type":"page","link":"https:\/\/assideo.de\/index.php\/kapseln\/","title":{"rendered":"Kapseln"},"content":{"rendered":"\t\t<div data-elementor-type=\"wp-page\" data-elementor-id=\"67\" class=\"elementor elementor-67\" data-elementor-post-type=\"page\">\n\t\t\t\t\t\t<section class=\"elementor-section elementor-top-section elementor-element elementor-element-c1122a3 elementor-section-height-min-height elementor-section-boxed elementor-section-height-default elementor-section-items-middle\" data-id=\"c1122a3\" data-element_type=\"section\" data-settings=\"{&quot;background_background&quot;:&quot;classic&quot;}\">\n\t\t\t\t\t\t\t<div class=\"elementor-background-overlay\"><\/div>\n\t\t\t\t\t\t\t<div class=\"elementor-container elementor-column-gap-default\">\n\t\t\t\t\t<div class=\"elementor-column elementor-col-100 elementor-top-column elementor-element elementor-element-a98cf80\" data-id=\"a98cf80\" data-element_type=\"column\">\n\t\t\t<div class=\"elementor-widget-wrap elementor-element-populated\">\n\t\t\t\t\t\t<div class=\"elementor-element elementor-element-8c9b6a8 elementor-widget elementor-widget-text-editor\" data-id=\"8c9b6a8\" data-element_type=\"widget\" data-widget_type=\"text-editor.default\">\n\t\t\t\t<div class=\"elementor-widget-container\">\n\t\t\t\t\t\t\t<p>DARREICHUNGSFORMEN<\/p>\t\t\t\t\t\t<\/div>\n\t\t\t\t<\/div>\n\t\t\t\t<div class=\"elementor-element elementor-element-8210da3 elementor-widget elementor-widget-heading\" data-id=\"8210da3\" data-element_type=\"widget\" data-widget_type=\"heading.default\">\n\t\t\t\t<div class=\"elementor-widget-container\">\n\t\t\t<h2 class=\"elementor-heading-title elementor-size-default\">Kapseln<\/h2>\t\t<\/div>\n\t\t\t\t<\/div>\n\t\t\t\t\t<\/div>\n\t\t<\/div>\n\t\t\t\t\t<\/div>\n\t\t<\/section>\n\t\t\t\t<section class=\"elementor-section elementor-top-section elementor-element elementor-element-6c63f20 elementor-section-boxed elementor-section-height-default elementor-section-height-default\" data-id=\"6c63f20\" data-element_type=\"section\" data-settings=\"{&quot;background_background&quot;:&quot;classic&quot;}\">\n\t\t\t\t\t\t<div class=\"elementor-container elementor-column-gap-default\">\n\t\t\t\t\t<div class=\"elementor-column elementor-col-50 elementor-top-column elementor-element elementor-element-0bd4cde\" data-id=\"0bd4cde\" data-element_type=\"column\">\n\t\t\t<div class=\"elementor-widget-wrap elementor-element-populated\">\n\t\t\t\t\t\t<div class=\"elementor-element elementor-element-b4862da elementor-widget elementor-widget-image\" data-id=\"b4862da\" data-element_type=\"widget\" data-widget_type=\"image.default\">\n\t\t\t\t<div class=\"elementor-widget-container\">\n\t\t\t\t\t\t\t\t\t\t\t\t\t<img fetchpriority=\"high\" decoding=\"async\" width=\"800\" height=\"800\" src=\"https:\/\/assideo.de\/wp-content\/uploads\/2022\/05\/pill2-1-1024x1024.png\" class=\"attachment-large size-large wp-image-249\" alt=\"\" srcset=\"https:\/\/assideo.de\/wp-content\/uploads\/2022\/05\/pill2-1-1024x1024.png 1024w, https:\/\/assideo.de\/wp-content\/uploads\/2022\/05\/pill2-1-300x300.png 300w, https:\/\/assideo.de\/wp-content\/uploads\/2022\/05\/pill2-1-150x150.png 150w, https:\/\/assideo.de\/wp-content\/uploads\/2022\/05\/pill2-1-768x768.png 768w, https:\/\/assideo.de\/wp-content\/uploads\/2022\/05\/pill2-1.png 1500w\" sizes=\"(max-width: 800px) 100vw, 800px\" \/>\t\t\t\t\t\t\t\t\t\t\t\t\t<\/div>\n\t\t\t\t<\/div>\n\t\t\t\t\t<\/div>\n\t\t<\/div>\n\t\t\t\t<div class=\"elementor-column elementor-col-50 elementor-top-column elementor-element elementor-element-e69aecb\" data-id=\"e69aecb\" data-element_type=\"column\">\n\t\t\t<div class=\"elementor-widget-wrap elementor-element-populated\">\n\t\t\t\t\t\t<div class=\"elementor-element elementor-element-b89d8fd elementor-widget elementor-widget-text-editor\" data-id=\"b89d8fd\" data-element_type=\"widget\" data-widget_type=\"text-editor.default\">\n\t\t\t\t<div class=\"elementor-widget-container\">\n\t\t\t\t\t\t\t<p>PRODUKTE<\/p>\t\t\t\t\t\t<\/div>\n\t\t\t\t<\/div>\n\t\t\t\t<div class=\"elementor-element elementor-element-a2e99bf elementor-widget elementor-widget-heading\" data-id=\"a2e99bf\" data-element_type=\"widget\" data-widget_type=\"heading.default\">\n\t\t\t\t<div class=\"elementor-widget-container\">\n\t\t\t<h2 class=\"elementor-heading-title elementor-size-default\">Ma\u00dfgeschneiderte Kapselherstellung<\/h2>\t\t<\/div>\n\t\t\t\t<\/div>\n\t\t\t\t<div class=\"elementor-element elementor-element-d518159 elementor-widget elementor-widget-text-editor\" data-id=\"d518159\" data-element_type=\"widget\" data-widget_type=\"text-editor.default\">\n\t\t\t\t<div class=\"elementor-widget-container\">\n\t\t\t\t\t\t\t<p>Kapseln sind eine sehr zuverl\u00e4ssige und weithin akzeptierte Verkapselungsform f\u00fcr nutrazeutische Rezepturen. Mit unserer Hilfe k\u00f6nnen Sie Ihre Rezeptur mit wenig bis gar keinem Aufwand in mischen und verkapseln lassen.<\/p><p>Wir sind in der Lage, jede nutrazeutische Kapselform herzustellen. Von der Beschaffung der einzelnen Bestandteile Ihrer Rezeptur bis hin zur Kontrolle nach der Verkapselung &#8211; wir erledigen alles zu den besten Preisen und mit den k\u00fcrzesten Vorlaufzeiten.<\/p><p>Wir verf\u00fcgen \u00fcber die n\u00f6tige Erfahrung, um Sie bei der Rezeptur eines neuen Produkts f\u00fcr Ihre Zielgruppe zu unterst\u00fctzen oder mit Ihnen zu besprechen, wie Sie Ihre Produktion richtig skalieren k\u00f6nnen. Als Ihr Partner ist es unsere Aufgabe, f\u00fcr einen langfristigen Erfolg der Kapselherstellung zu sorgen.<\/p>\t\t\t\t\t\t<\/div>\n\t\t\t\t<\/div>\n\t\t\t\t\t<\/div>\n\t\t<\/div>\n\t\t\t\t\t<\/div>\n\t\t<\/section>\n\t\t\t\t<section class=\"elementor-section elementor-top-section elementor-element elementor-element-ef071d8 elementor-section-boxed elementor-section-height-default elementor-section-height-default\" data-id=\"ef071d8\" data-element_type=\"section\" data-settings=\"{&quot;background_background&quot;:&quot;classic&quot;}\">\n\t\t\t\t\t\t<div class=\"elementor-container elementor-column-gap-default\">\n\t\t\t\t\t<div class=\"elementor-column elementor-col-100 elementor-top-column elementor-element elementor-element-ede099c\" data-id=\"ede099c\" data-element_type=\"column\">\n\t\t\t<div class=\"elementor-widget-wrap elementor-element-populated\">\n\t\t\t\t\t\t<div class=\"elementor-element elementor-element-0d46025 elementor-widget elementor-widget-video\" data-id=\"0d46025\" data-element_type=\"widget\" data-settings=\"{&quot;video_type&quot;:&quot;hosted&quot;,&quot;autoplay&quot;:&quot;yes&quot;,&quot;play_on_mobile&quot;:&quot;yes&quot;,&quot;mute&quot;:&quot;yes&quot;,&quot;loop&quot;:&quot;yes&quot;}\" data-widget_type=\"video.default\">\n\t\t\t\t<div class=\"elementor-widget-container\">\n\t\t\t\t\t<div class=\"e-hosted-video elementor-wrapper elementor-open-inline\">\n\t\t\t\t\t<video class=\"elementor-video\" src=\"https:\/\/assideo.de\/wp-content\/uploads\/2022\/05\/Untitled-Project.mp4\" autoplay=\"\" loop=\"\" muted=\"muted\" playsinline=\"\" controlsList=\"nodownload\"><\/video>\n\t\t\t\t<\/div>\n\t\t\t\t<\/div>\n\t\t\t\t<\/div>\n\t\t\t\t<div class=\"elementor-element elementor-element-27ca951 elementor-widget elementor-widget-text-editor\" data-id=\"27ca951\" data-element_type=\"widget\" data-widget_type=\"text-editor.default\">\n\t\t\t\t<div class=\"elementor-widget-container\">\n\t\t\t\t\t\t\t<p>HERSTELLUNG<\/p>\t\t\t\t\t\t<\/div>\n\t\t\t\t<\/div>\n\t\t\t\t<div class=\"elementor-element elementor-element-f5d8007 elementor-widget elementor-widget-heading\" data-id=\"f5d8007\" data-element_type=\"widget\" data-widget_type=\"heading.default\">\n\t\t\t\t<div class=\"elementor-widget-container\">\n\t\t\t<h2 class=\"elementor-heading-title elementor-size-default\">Granulierung von Mischungen<\/h2>\t\t<\/div>\n\t\t\t\t<\/div>\n\t\t\t\t<div class=\"elementor-element elementor-element-3d89a3d elementor-widget elementor-widget-text-editor\" data-id=\"3d89a3d\" data-element_type=\"widget\" data-widget_type=\"text-editor.default\">\n\t\t\t\t<div class=\"elementor-widget-container\">\n\t\t\t\t\t\t\t<p>Das Verfahren der Trockengranulierung wird \u00fcblicherweise angewandt, wenn die verwendete Mischung unter Einwirkung von Feuchtigkeit und W\u00e4rme nicht richtig funktioniert oder nicht wie vorgesehen arbeitet.<\/p><p><br \/>Der Hauptunterschied bei diesem Verfahren ist, dass der Mischung keine Fl\u00fcssigkeiten zugef\u00fchrt werden. Mit der vorbereiteten Mischung von Rohstoffen wird das Pulver in eine Maschine gegeben, die immensen Druck und Kraft aus\u00fcbt, um das Pulver kompakter zu machen und die Sch\u00fcttdichte zu erh\u00f6hen. Die ben\u00f6tigte Kraft h\u00e4ngt von der Mischung, ihren Bestandteilen und der gew\u00fcnschten Dichte ab.<\/p>\t\t\t\t\t\t<\/div>\n\t\t\t\t<\/div>\n\t\t\t\t\t<\/div>\n\t\t<\/div>\n\t\t\t\t\t<\/div>\n\t\t<\/section>\n\t\t\t\t<section class=\"elementor-section elementor-top-section elementor-element elementor-element-31c9bad elementor-section-boxed elementor-section-height-default elementor-section-height-default\" data-id=\"31c9bad\" data-element_type=\"section\" data-settings=\"{&quot;background_background&quot;:&quot;classic&quot;}\">\n\t\t\t\t\t\t<div class=\"elementor-container elementor-column-gap-default\">\n\t\t\t\t\t<div class=\"elementor-column elementor-col-50 elementor-top-column elementor-element elementor-element-ec8fcf5\" data-id=\"ec8fcf5\" data-element_type=\"column\">\n\t\t\t<div class=\"elementor-widget-wrap elementor-element-populated\">\n\t\t\t\t\t\t<div class=\"elementor-element elementor-element-98a7288 elementor-widget elementor-widget-text-editor\" data-id=\"98a7288\" data-element_type=\"widget\" data-widget_type=\"text-editor.default\">\n\t\t\t\t<div class=\"elementor-widget-container\">\n\t\t\t\t\t\t\t<p>MATERIAL<\/p>\t\t\t\t\t\t<\/div>\n\t\t\t\t<\/div>\n\t\t\t\t<div class=\"elementor-element elementor-element-7f87321 elementor-widget elementor-widget-heading\" data-id=\"7f87321\" data-element_type=\"widget\" data-widget_type=\"heading.default\">\n\t\t\t\t<div class=\"elementor-widget-container\">\n\t\t\t<h2 class=\"elementor-heading-title elementor-size-default\">Gelatine-Kapseln<\/h2>\t\t<\/div>\n\t\t\t\t<\/div>\n\t\t\t\t<div class=\"elementor-element elementor-element-421721d elementor-widget elementor-widget-text-editor\" data-id=\"421721d\" data-element_type=\"widget\" data-widget_type=\"text-editor.default\">\n\t\t\t\t<div class=\"elementor-widget-container\">\n\t\t\t\t\t\t\t<p>Gelatine wird aus tierischen Nebenprodukten hergestellt, die ausschlie\u00dflich von Rindern oder K\u00fchen stammen.<\/p><p>Der Teil, aus dem sie gewonnen wird, ist das Kollagen, das weiche Protein, das die Haut, Knochen, Muskeln und Sehnen des Tieres miteinander verbindet. Die Gelatineh\u00fclle bietet eine Reihe von potenziellen gesundheitlichen Vorteilen, da sie Eiwei\u00df und zwei Aminos\u00e4uren enth\u00e4lt: Glycin und Prolin.<\/p>\t\t\t\t\t\t<\/div>\n\t\t\t\t<\/div>\n\t\t\t\t\t<\/div>\n\t\t<\/div>\n\t\t\t\t<div class=\"elementor-column elementor-col-50 elementor-top-column elementor-element elementor-element-4495a0e\" data-id=\"4495a0e\" data-element_type=\"column\">\n\t\t\t<div class=\"elementor-widget-wrap elementor-element-populated\">\n\t\t\t\t\t\t<div class=\"elementor-element elementor-element-6b5824d elementor-widget elementor-widget-text-editor\" data-id=\"6b5824d\" data-element_type=\"widget\" data-widget_type=\"text-editor.default\">\n\t\t\t\t<div class=\"elementor-widget-container\">\n\t\t\t\t\t\t\t<p>MATERIAL<\/p>\t\t\t\t\t\t<\/div>\n\t\t\t\t<\/div>\n\t\t\t\t<div class=\"elementor-element elementor-element-f41057b elementor-widget elementor-widget-heading\" data-id=\"f41057b\" data-element_type=\"widget\" data-widget_type=\"heading.default\">\n\t\t\t\t<div class=\"elementor-widget-container\">\n\t\t\t<h2 class=\"elementor-heading-title elementor-size-default\">Vegetarische Kapseln<\/h2>\t\t<\/div>\n\t\t\t\t<\/div>\n\t\t\t\t<div class=\"elementor-element elementor-element-5fff698 elementor-widget elementor-widget-text-editor\" data-id=\"5fff698\" data-element_type=\"widget\" data-widget_type=\"text-editor.default\">\n\t\t\t\t<div class=\"elementor-widget-container\">\n\t\t\t\t\t\t\t<p>Bei den vegetarischen Kapselh\u00fcllen gibt es zwei Hauptvarianten:<\/p><ul><li>Hypromellose<\/li><li>Pullulan<\/li><\/ul><p>Hypromellose, offiziell bekannt als Hydroxypropylmethylcellulose (HPMC), enth\u00e4lt nur HPMC und gereinigtes Wasser. Diese Variante enth\u00e4lt keine Konservierungsstoffe, keine tierischen Nebenprodukte und ist frei von GMO, Gelatine, Gluten und St\u00e4rke.<\/p><p><br \/><br \/><\/p>\t\t\t\t\t\t<\/div>\n\t\t\t\t<\/div>\n\t\t\t\t\t<\/div>\n\t\t<\/div>\n\t\t\t\t\t<\/div>\n\t\t<\/section>\n\t\t\t\t<section class=\"elementor-section elementor-top-section elementor-element elementor-element-49891bc elementor-section-boxed elementor-section-height-default elementor-section-height-default\" data-id=\"49891bc\" data-element_type=\"section\" data-settings=\"{&quot;background_background&quot;:&quot;classic&quot;}\">\n\t\t\t\t\t\t<div class=\"elementor-container elementor-column-gap-default\">\n\t\t\t\t\t<div class=\"elementor-column elementor-col-50 elementor-top-column elementor-element elementor-element-f84d4e5\" data-id=\"f84d4e5\" data-element_type=\"column\">\n\t\t\t<div class=\"elementor-widget-wrap elementor-element-populated\">\n\t\t\t\t\t\t<div class=\"elementor-element elementor-element-f9be12d elementor-widget elementor-widget-heading\" data-id=\"f9be12d\" data-element_type=\"widget\" data-widget_type=\"heading.default\">\n\t\t\t\t<div class=\"elementor-widget-container\">\n\t\t\t<h2 class=\"elementor-heading-title elementor-size-default\">Kontaktieren Sie uns<\/h2>\t\t<\/div>\n\t\t\t\t<\/div>\n\t\t\t\t<div class=\"elementor-element elementor-element-0b3f4a3 elementor-mobile-align-center elementor-widget elementor-widget-button\" data-id=\"0b3f4a3\" data-element_type=\"widget\" data-widget_type=\"button.default\">\n\t\t\t\t<div class=\"elementor-widget-container\">\n\t\t\t\t\t\t\t\t<a class=\"elementor-button elementor-button-link elementor-size-sm\" href=\"https:\/\/assideo.de\/index.php\/kontakt\/\">\n\t\t\t\t\t\t<span class=\"elementor-button-content-wrapper\">\n\t\t\t\t\t\t\t\t\t<span class=\"elementor-button-text\">Jetzt Angebot anfordern!<\/span>\n\t\t\t\t\t<\/span>\n\t\t\t\t\t<\/a>\n\t\t\t\t\t\t<\/div>\n\t\t\t\t<\/div>\n\t\t\t\t\t<\/div>\n\t\t<\/div>\n\t\t\t\t<div class=\"elementor-column elementor-col-50 elementor-top-column elementor-element elementor-element-6072184\" data-id=\"6072184\" data-element_type=\"column\">\n\t\t\t<div class=\"elementor-widget-wrap\">\n\t\t\t\t\t\t\t<\/div>\n\t\t<\/div>\n\t\t\t\t\t<\/div>\n\t\t<\/section>\n\t\t\t\t<\/div>\n\t\t","protected":false},"excerpt":{"rendered":"<p>DARREICHUNGSFORMEN Kapseln PRODUKTE Ma\u00dfgeschneiderte Kapselherstellung Kapseln sind eine sehr zuverl\u00e4ssige und weithin akzeptierte Verkapselungsform f\u00fcr nutrazeutische Rezepturen. Mit unserer Hilfe k\u00f6nnen Sie Ihre Rezeptur mit wenig bis gar keinem Aufwand in mischen und verkapseln lassen. Wir sind in der Lage, jede nutrazeutische Kapselform herzustellen. Von der Beschaffung der einzelnen Bestandteile Ihrer Rezeptur bis hin zur [&hellip;]<\/p>\n","protected":false},"author":2,"featured_media":0,"parent":0,"menu_order":0,"comment_status":"closed","ping_status":"closed","template":"elementor_header_footer","meta":{"footnotes":""},"class_list":["post-67","page","type-page","status-publish","hentry"],"_links":{"self":[{"href":"https:\/\/assideo.de\/index.php\/wp-json\/wp\/v2\/pages\/67","targetHints":{"allow":["GET"]}}],"collection":[{"href":"https:\/\/assideo.de\/index.php\/wp-json\/wp\/v2\/pages"}],"about":[{"href":"https:\/\/assideo.de\/index.php\/wp-json\/wp\/v2\/types\/page"}],"author":[{"embeddable":true,"href":"https:\/\/assideo.de\/index.php\/wp-json\/wp\/v2\/users\/2"}],"replies":[{"embeddable":true,"href":"https:\/\/assideo.de\/index.php\/wp-json\/wp\/v2\/comments?post=67"}],"version-history":[{"count":46,"href":"https:\/\/assideo.de\/index.php\/wp-json\/wp\/v2\/pages\/67\/revisions"}],"predecessor-version":[{"id":381,"href":"https:\/\/assideo.de\/index.php\/wp-json\/wp\/v2\/pages\/67\/revisions\/381"}],"wp:attachment":[{"href":"https:\/\/assideo.de\/index.php\/wp-json\/wp\/v2\/media?parent=67"}],"curies":[{"name":"wp","href":"https:\/\/api.w.org\/{rel}","templated":true}]}}